[INFO] fetching crate syntect-no-panic 4.6.1...
[INFO] checking syntect-no-panic-4.6.1 against master#e6e4f7ed1589e03bc2f6c5931c1a72e7947e8682 for beta-170-4
[INFO] extracting crate syntect-no-panic 4.6.1 into /workspace/builds/worker-3-tc2/source
[INFO] validating manifest of crates.io crate syntect-no-panic 4.6.1 on toolchain e6e4f7ed1589e03bc2f6c5931c1a72e7947e8682
[INFO] running `Command { std: CARGO_HOME="/workspace/cargo-home" RUSTUP_HOME="/workspace/rustup-home" "/workspace/cargo-home/bin/cargo" "+e6e4f7ed1589e03bc2f6c5931c1a72e7947e8682" "metadata" "--manifest-path" "Cargo.toml" "--no-deps", kill_on_drop: false }`
[INFO] started tweaking crates.io crate syntect-no-panic 4.6.1
[INFO] finished tweaking crates.io crate syntect-no-panic 4.6.1
[INFO] tweaked toml for crates.io crate syntect-no-panic 4.6.1 written to /workspace/builds/worker-3-tc2/source/Cargo.toml
[INFO] running `Command { std: CARGO_HOME="/workspace/cargo-home" RUSTUP_HOME="/workspace/rustup-home" __CARGO_TEST_CHANNEL_OVERRIDE_DO_NOT_USE_THIS="nightly" "/workspace/cargo-home/bin/cargo" "+e6e4f7ed1589e03bc2f6c5931c1a72e7947e8682" "generate-lockfile" "--manifest-path" "Cargo.toml" "-Zno-index-update", kill_on_drop: false }`
[INFO] running `Command { std: CARGO_HOME="/workspace/cargo-home" RUSTUP_HOME="/workspace/rustup-home" "/workspace/cargo-home/bin/cargo" "+e6e4f7ed1589e03bc2f6c5931c1a72e7947e8682" "fetch" "--manifest-path" "Cargo.toml", kill_on_drop: false }`
[INFO] running `Command { std: "docker" "create" "-v" "/var/lib/crater-agent-workspace/builds/worker-3-tc2/target:/opt/rustwide/target:rw,Z" "-v" "/var/lib/crater-agent-workspace/builds/worker-3-tc2/source:/opt/rustwide/workdir:ro,Z" "-v" "/var/lib/crater-agent-workspace/cargo-home:/opt/rustwide/cargo-home:ro,Z" "-v" "/var/lib/crater-agent-workspace/rustup-home:/opt/rustwide/rustup-home:ro,Z" "-e" "SOURCE_DIR=/opt/rustwide/workdir" "-e" "CARGO_TARGET_DIR=/opt/rustwide/target" "-e" "CARGO_HOME=/opt/rustwide/cargo-home" "-e" "RUSTUP_HOME=/opt/rustwide/rustup-home" "-w" "/opt/rustwide/workdir" "-m" "1610612736" "--user" "0:0" "--network" "none" "ghcr.io/rust-lang/crates-build-env/linux@sha256:19e73879b68f455e41552ea35293514db52ea292d993f571636dbffedb77a1ee" "/opt/rustwide/cargo-home/bin/cargo" "+e6e4f7ed1589e03bc2f6c5931c1a72e7947e8682" "metadata" "--no-deps" "--format-version=1", kill_on_drop: false }`
[INFO] [stdout] b050fc4335024633fcb53e4afa820dd5515b836fe4cf589308d92b779993f8ac
[INFO] running `Command { std: "docker" "start" "-a" "b050fc4335024633fcb53e4afa820dd5515b836fe4cf589308d92b779993f8ac", kill_on_drop: false }`
[INFO] running `Command { std: "docker" "inspect" "b050fc4335024633fcb53e4afa820dd5515b836fe4cf589308d92b779993f8ac", kill_on_drop: false }`
[INFO] running `Command { std: "docker" "rm" "-f" "b050fc4335024633fcb53e4afa820dd5515b836fe4cf589308d92b779993f8ac", kill_on_drop: false }`
[INFO] [stdout] b050fc4335024633fcb53e4afa820dd5515b836fe4cf589308d92b779993f8ac
[INFO] running `Command { std: "docker" "create" "-v" "/var/lib/crater-agent-workspace/builds/worker-3-tc2/target:/opt/rustwide/target:rw,Z" "-v" "/var/lib/crater-agent-workspace/builds/worker-3-tc2/source:/opt/rustwide/workdir:ro,Z" "-v" "/var/lib/crater-agent-workspace/cargo-home:/opt/rustwide/cargo-home:ro,Z" "-v" "/var/lib/crater-agent-workspace/rustup-home:/opt/rustwide/rustup-home:ro,Z" "-e" "SOURCE_DIR=/opt/rustwide/workdir" "-e" "CARGO_TARGET_DIR=/opt/rustwide/target" "-e" "CARGO_INCREMENTAL=0" "-e" "RUST_BACKTRACE=full" "-e" "RUSTFLAGS=--cap-lints=forbid" "-e" "RUSTDOCFLAGS=--cap-lints=forbid" "-e" "CARGO_HOME=/opt/rustwide/cargo-home" "-e" "RUSTUP_HOME=/opt/rustwide/rustup-home" "-w" "/opt/rustwide/workdir" "-m" "1610612736" "--user" "0:0" "--network" "none" "ghcr.io/rust-lang/crates-build-env/linux@sha256:19e73879b68f455e41552ea35293514db52ea292d993f571636dbffedb77a1ee" "/opt/rustwide/cargo-home/bin/cargo" "+e6e4f7ed1589e03bc2f6c5931c1a72e7947e8682" "check" "--frozen" "--all" "--all-targets" "--message-format=json", kill_on_drop: false }`
[INFO] [stdout] b24fbafd1536ef61e3f8e83fa5a93a0e1a3e10a352d8f76ec28f6b47ddc49a9f
[INFO] running `Command { std: "docker" "start" "-a" "b24fbafd1536ef61e3f8e83fa5a93a0e1a3e10a352d8f76ec28f6b47ddc49a9f", kill_on_drop: false }`
[INFO] [stderr]    Compiling pkg-config v0.3.27
[INFO] [stderr]    Compiling cc v1.0.79
[INFO] [stderr]    Compiling indexmap v1.9.3
[INFO] [stderr]    Compiling num-traits v0.2.15
[INFO] [stderr]     Checking unicode-width v0.1.10
[INFO] [stderr]    Compiling syn v2.0.18
[INFO] [stderr]     Checking same-file v1.0.6
[INFO] [stderr]     Checking plotters-backend v0.3.4
[INFO] [stderr]     Checking safemem v0.3.3
[INFO] [stderr]     Checking time-core v0.1.1
[INFO] [stderr]     Checking line-wrap v0.1.1
[INFO] [stderr]     Checking time v0.3.21
[INFO] [stderr]     Checking walkdir v2.3.3
[INFO] [stderr]     Checking plotters-svg v0.3.3
[INFO] [stderr]     Checking miniz_oxide v0.7.1
[INFO] [stderr]     Checking textwrap v0.11.0
[INFO] [stderr]     Checking aho-corasick v1.0.1
[INFO] [stderr]     Checking csv-core v0.1.10
[INFO] [stderr]     Checking quick-xml v0.28.2
[INFO] [stderr]     Checking base64 v0.21.2
[INFO] [stderr]     Checking regex-syntax v0.7.2
[INFO] [stderr]     Checking half v1.8.2
[INFO] [stderr]     Checking cast v0.3.0
[INFO] [stderr]     Checking serde_cbor v0.11.2
[INFO] [stderr]     Checking criterion-plot v0.4.5
[INFO] [stderr]     Checking plotters v0.3.4
[INFO] [stderr]     Checking csv v1.2.1
[INFO] [stderr]    Compiling onig_sys v69.8.1
[INFO] [stderr]     Checking flate2 v1.0.26
[INFO] [stderr]     Checking plist v1.4.3
[INFO] [stderr]     Checking rayon v1.7.0
[INFO] [stderr]     Checking clap v2.34.0
[INFO] [stderr]     Checking tinytemplate v1.2.1
[INFO] [stderr]     Checking bincode v1.3.3
[INFO] [stderr]     Checking ansi_term v0.11.0
[INFO] [stderr]     Checking fnv v1.0.7
[INFO] [stderr]     Checking difference v2.0.0
[INFO] [stderr]     Checking oorandom v11.1.3
[INFO] [stderr]     Checking getopts v0.2.21
[INFO] [stderr]     Checking pretty_assertions v0.6.1
[INFO] [stderr]     Checking regex v1.8.3
[INFO] [stderr]    Compiling serde_derive v1.0.163
[INFO] [stderr]     Checking onig v6.4.0
[INFO] [stderr]     Checking criterion v0.3.6
[INFO] [stderr]     Checking syntect-no-panic v4.6.1 (/opt/rustwide/workdir)
[INFO] [stdout] warning: unnecessary parentheses around match arm expression
[INFO] [stdout]    --> src/html.rs:474:54
[INFO] [stdout]     |
[INFO] [stdout] 474 |                 IncludeBackground::IfDifferent(c) => (style.background != c),
[INFO] [stdout]     |                                                      ^                     ^
[INFO] [stdout]     |
[INFO] [stdout]     = note: `#[warn(unused_parens)]` on by default
[INFO] [stdout] help: remove these parentheses
[INFO] [stdout]     |
[INFO] [stdout] 474 -                 IncludeBackground::IfDifferent(c) => (style.background != c),
[INFO] [stdout] 474 +                 IncludeBackground::IfDifferent(c) => style.background != c,
[INFO] [stdout]     |
[INFO] [stdout] 
[INFO] [stdout] 
[INFO] [stdout] warning: variable does not need to be mutable
[INFO] [stdout]    --> src/parsing/syntax_set.rs:603:25
[INFO] [stdout]     |
[INFO] [stdout] 603 |                     let mut context = &mut all_contexts[context_index];
[INFO] [stdout]     |                         ----^^^^^^^
[INFO] [stdout]     |                         |
[INFO] [stdout]     |                         help: remove this `mut`
[INFO] [stdout]     |
[INFO] [stdout]     = note: `#[warn(unused_mut)]` on by default
[INFO] [stdout] 
[INFO] [stdout] 
[INFO] [stdout] warning: 2 warnings emitted
[INFO] [stdout] 
[INFO] [stdout] 
[INFO] [stdout] error[E0433]: failed to resolve: use of undeclared crate or module `syntect`
[INFO] [stdout]  --> benches/loading.rs:2:5
[INFO] [stdout]   |
[INFO] [stdout] 2 | use syntect::parsing::{SyntaxSet, SyntaxSetBuilder};
[INFO] [stdout]   |     ^^^^^^^ use of undeclared crate or module `syntect`
[INFO] [stdout] 
[INFO] [stdout] 
[INFO] [stdout] error[E0433]: failed to resolve: use of undeclared crate or module `syntect`
[INFO] [stdout]  --> benches/loading.rs:3:5
[INFO] [stdout]   |
[INFO] [stdout] 3 | use syntect::highlighting::ThemeSet;
[INFO] [stdout]   |     ^^^^^^^ use of undeclared crate or module `syntect`
[INFO] [stdout] 
[INFO] [stdout] 
[INFO] [stdout] error[E0433]: failed to resolve: use of undeclared crate or module `syntect`
[INFO] [stdout]  --> benches/highlighting.rs:2:5
[INFO] [stdout]   |
[INFO] [stdout] 2 | use syntect::parsing::{SyntaxSet, SyntaxReference, ScopeStack};
[INFO] [stdout]   |     ^^^^^^^ use of undeclared crate or module `syntect`
[INFO] [stdout] 
[INFO] [stdout] 
[INFO] [stdout] error[E0433]: failed to resolve: use of undeclared crate or module `syntect`
[INFO] [stdout]  --> benches/parsing.rs:5:5
[INFO] [stdout]   |
[INFO] [stdout] 5 | use syntect::parsing::{ParseState, SyntaxReference, SyntaxSet};
[INFO] [stdout]   |     ^^^^^^^ use of undeclared crate or module `syntect`
[INFO] [stdout] 
[INFO] [stdout] 
[INFO] [stdout] error[E0433]: failed to resolve: use of undeclared crate or module `syntect`
[INFO] [stdout]  --> benches/highlighting.rs:3:5
[INFO] [stdout]   |
[INFO] [stdout] 3 | use syntect::highlighting::{ThemeSet, Theme};
[INFO] [stdout]   |     ^^^^^^^ use of undeclared crate or module `syntect`
[INFO] [stdout] 
[INFO] [stdout] 
[INFO] [stdout] error[E0433]: failed to resolve: use of undeclared crate or module `syntect`
[INFO] [stdout]  --> benches/highlighting.rs:4:5
[INFO] [stdout]   |
[INFO] [stdout] 4 | use syntect::easy::HighlightLines;
[INFO] [stdout]   |     ^^^^^^^ use of undeclared crate or module `syntect`
[INFO] [stdout] 
[INFO] [stdout] 
[INFO] [stdout] error[E0433]: failed to resolve: use of undeclared crate or module `syntect`
[INFO] [stdout]  --> benches/highlighting.rs:5:5
[INFO] [stdout]   |
[INFO] [stdout] 5 | use syntect::html::highlighted_html_for_string;
[INFO] [stdout]   |     ^^^^^^^ use of undeclared crate or module `syntect`
[INFO] [stdout] 
[INFO] [stdout] 
[INFO] [stdout] warning: unused import: `std::str::FromStr`
[INFO] [stdout]  --> benches/highlighting.rs:6:5
[INFO] [stdout]   |
[INFO] [stdout] 6 | use std::str::FromStr;
[INFO] [stdout]   |     ^^^^^^^^^^^^^^^^^
[INFO] [stdout]   |
[INFO] [stdout]   = note: `#[warn(unused_imports)]` on by default
[INFO] [stdout] 
[INFO] [stdout] 
[INFO] [stdout] error: aborting due to previous error
[INFO] [stdout] 
[INFO] [stdout] 
[INFO] [stdout] For more information about this error, try `rustc --explain E0433`.
[INFO] [stdout] 
[INFO] [stdout] error: aborting due to 4 previous errors; 1 warning emitted
[INFO] [stdout] 
[INFO] [stdout] 
[INFO] [stdout] For more information about this error, try `rustc --explain E0433`.
[INFO] [stdout] 
[INFO] [stderr] error: could not compile `syntect-no-panic` (bench "parsing") due to 2 previous errors
[INFO] [stderr] warning: build failed, waiting for other jobs to finish...
[INFO] [stderr] error: could not compile `syntect-no-panic` (bench "highlighting") due to 5 previous errors; 1 warning emitted
[INFO] [stdout] error[E0433]: failed to resolve: use of undeclared crate or module `syntect`
[INFO] [stdout]   --> benches/loading.rs:41:28
[INFO] [stdout]    |
[INFO] [stdout] 41 |         let _: SyntaxSet = syntect::dumps::from_dump_file("assets/default_newlines.packdump").unwrap();
[INFO] [stdout]    |                            ^^^^^^^ use of undeclared crate or module `syntect`
[INFO] [stdout] 
[INFO] [stdout] 
[INFO] [stdout] error: aborting due to 3 previous errors
[INFO] [stdout] 
[INFO] [stdout] 
[INFO] [stdout] For more information about this error, try `rustc --explain E0433`.
[INFO] [stdout] 
[INFO] [stderr] error: could not compile `syntect-no-panic` (bench "loading") due to 4 previous errors
[INFO] [stdout] error: couldn't read src/../testdata/test2.html: No such file or directory (os error 2)
[INFO] [stdout]    --> src/html.rs:547:26
[INFO] [stdout]     |
[INFO] [stdout] 547 |         assert_eq!(html, include_str!("../testdata/test2.html").trim_end());
[INFO] [stdout]     |                          ^^^^^^^^^^^^^^^^^^^^^^^^^^^^^^^^^^^^^^
[INFO] [stdout]     |
[INFO] [stdout]     = note: this error originates in the macro `include_str` (in Nightly builds, run with -Z macro-backtrace for more info)
[INFO] [stdout] 
[INFO] [stdout] 
[INFO] [stdout] error: couldn't read src/../testdata/test1.html: No such file or directory (os error 2)
[INFO] [stdout]    --> src/html.rs:557:27
[INFO] [stdout]     |
[INFO] [stdout] 557 |         assert_eq!(html2, include_str!("../testdata/test1.html").trim_end());
[INFO] [stdout]     |                           ^^^^^^^^^^^^^^^^^^^^^^^^^^^^^^^^^^^^^^
[INFO] [stdout]     |
[INFO] [stdout]     = note: this error originates in the macro `include_str` (in Nightly builds, run with -Z macro-backtrace for more info)
[INFO] [stdout] 
[INFO] [stdout] 
[INFO] [stdout] error: couldn't read src/../testdata/highlight_test.erb: No such file or directory (os error 2)
[INFO] [stdout]    --> src/html.rs:564:17
[INFO] [stdout]     |
[INFO] [stdout] 564 |         let s = include_str!("../testdata/highlight_test.erb");
[INFO] [stdout]     |                 ^^^^^^^^^^^^^^^^^^^^^^^^^^^^^^^^^^^^^^^^^^^^^^
[INFO] [stdout]     |
[INFO] [stdout]     = note: this error originates in the macro `include_str` (in Nightly builds, run with -Z macro-backtrace for more info)
[INFO] [stdout] 
[INFO] [stdout] 
[INFO] [stdout] error: couldn't read src/../testdata/test3.html: No such file or directory (os error 2)
[INFO] [stdout]    --> src/html.rs:568:26
[INFO] [stdout]     |
[INFO] [stdout] 568 |         assert_eq!(html, include_str!("../testdata/test3.html"));
[INFO] [stdout]     |                          ^^^^^^^^^^^^^^^^^^^^^^^^^^^^^^^^^^^^^^
[INFO] [stdout]     |
[INFO] [stdout]     = note: this error originates in the macro `include_str` (in Nightly builds, run with -Z macro-backtrace for more info)
[INFO] [stdout] 
[INFO] [stdout] 
[INFO] [stdout] error: couldn't read src/../testdata/test4.html: No such file or directory (os error 2)
[INFO] [stdout]    --> src/html.rs:585:27
[INFO] [stdout]     |
[INFO] [stdout] 585 |         assert_eq!(html3, include_str!("../testdata/test4.html"));
[INFO] [stdout]     |                           ^^^^^^^^^^^^^^^^^^^^^^^^^^^^^^^^^^^^^^
[INFO] [stdout]     |
[INFO] [stdout]     = note: this error originates in the macro `include_str` (in Nightly builds, run with -Z macro-backtrace for more info)
[INFO] [stdout] 
[INFO] [stdout] 
[INFO] [stdout] error: couldn't read src/../testdata/test5.html: No such file or directory (os error 2)
[INFO] [stdout]    --> src/html.rs:603:26
[INFO] [stdout]     |
[INFO] [stdout] 603 |         assert_eq!(html, include_str!("../testdata/test5.html"));
[INFO] [stdout]     |                          ^^^^^^^^^^^^^^^^^^^^^^^^^^^^^^^^^^^^^^
[INFO] [stdout]     |
[INFO] [stdout]     = note: this error originates in the macro `include_str` (in Nightly builds, run with -Z macro-backtrace for more info)
[INFO] [stdout] 
[INFO] [stdout] 
[INFO] [stdout] error: couldn't read src/../testdata/JSON.sublime-syntax: No such file or directory (os error 2)
[INFO] [stdout]    --> src/html.rs:610:13
[INFO] [stdout]     |
[INFO] [stdout] 610 |             include_str!("../testdata/JSON.sublime-syntax"),
[INFO] [stdout]     |             ^^^^^^^^^^^^^^^^^^^^^^^^^^^^^^^^^^^^^^^^^^^^^^^
[INFO] [stdout]     |
[INFO] [stdout]     = note: this error originates in the macro `include_str` (in Nightly builds, run with -Z macro-backtrace for more info)
[INFO] [stdout] 
[INFO] [stdout] 
[INFO] [stdout] error: couldn't read src/parsing/../../testdata/parser_tests.sublime-syntax: No such file or directory (os error 2)
[INFO] [stdout]    --> src/parsing/parser.rs:691:31
[INFO] [stdout]     |
[INFO] [stdout] 691 |     const TEST_SYNTAX: &str = include_str!("../../testdata/parser_tests.sublime-syntax");
[INFO] [stdout]     |                               ^^^^^^^^^^^^^^^^^^^^^^^^^^^^^^^^^^^^^^^^^^^^^^^^^^^^^^^^^^
[INFO] [stdout]     |
[INFO] [stdout]     = note: this error originates in the macro `include_str` (in Nightly builds, run with -Z macro-backtrace for more info)
[INFO] [stdout] 
[INFO] [stdout] 
[INFO] [stdout] error: couldn't read src/parsing/../../testdata/embed_escape_test.sublime-syntax: No such file or directory (os error 2)
[INFO] [stdout]    --> src/parsing/parser.rs:996:13
[INFO] [stdout]     |
[INFO] [stdout] 996 |             include_str!("../../testdata/embed_escape_test.sublime-syntax"),
[INFO] [stdout]     |             ^^^^^^^^^^^^^^^^^^^^^^^^^^^^^^^^^^^^^^^^^^^^^^^^^^^^^^^^^^^^^^^
[INFO] [stdout]     |
[INFO] [stdout]     = note: this error originates in the macro `include_str` (in Nightly builds, run with -Z macro-backtrace for more info)
[INFO] [stdout] 
[INFO] [stdout] 
[INFO] [stdout] warning: unnecessary parentheses around match arm expression
[INFO] [stdout]    --> src/html.rs:474:54
[INFO] [stdout]     |
[INFO] [stdout] 474 |                 IncludeBackground::IfDifferent(c) => (style.background != c),
[INFO] [stdout]     |                                                      ^                     ^
[INFO] [stdout]     |
[INFO] [stdout]     = note: `#[warn(unused_parens)]` on by default
[INFO] [stdout] help: remove these parentheses
[INFO] [stdout]     |
[INFO] [stdout] 474 -                 IncludeBackground::IfDifferent(c) => (style.background != c),
[INFO] [stdout] 474 +                 IncludeBackground::IfDifferent(c) => style.background != c,
[INFO] [stdout]     |
[INFO] [stdout] 
[INFO] [stdout] 
[INFO] [stdout] error: aborting due to 9 previous errors; 1 warning emitted
[INFO] [stdout] 
[INFO] [stdout] 
[INFO] [stderr] error: could not compile `syntect-no-panic` (lib test) due to 10 previous errors; 1 warning emitted
[INFO] running `Command { std: "docker" "inspect" "b24fbafd1536ef61e3f8e83fa5a93a0e1a3e10a352d8f76ec28f6b47ddc49a9f", kill_on_drop: false }`
[INFO] running `Command { std: "docker" "rm" "-f" "b24fbafd1536ef61e3f8e83fa5a93a0e1a3e10a352d8f76ec28f6b47ddc49a9f", kill_on_drop: false }`
[INFO] [stdout] b24fbafd1536ef61e3f8e83fa5a93a0e1a3e10a352d8f76ec28f6b47ddc49a9f
